late the greatest common factor of 15405 and 7995.
195
What is the greatest common factor of 576 and 1008?
144
Calculate the greatest common factor of 521 and 4689.
521
Calculate the greatest common factor of 9832 and 192.
8
Calculate the highest common factor of 656 and 16160.
16
Calculate the greatest common factor of 28056 and 980.
28
What is the highest common divisor of 33325 and 108575?
1075
Calculate the highest common factor of 368496 and 16.
16
Calculate the highest common divisor of 88 and 10616.
8
Calculate the highest common divisor of 647530 and 130.
130
Calculate the highest common divisor of 5060 and 224180.
220
What is the greatest common divisor of 608 and 296?
8
What is the greatest common divisor of 1725 and 119600?
575
Calculate the highest common divisor of 792 and 6952.
88
What is the greatest common divisor of 26780 and 1144?
52
What is the greatest common divisor of 152 and 32642?
38
What is the highest common divisor of 6900 and 675?
75
Calculate the highest common divisor of 2110 and 26797.
211
What is the greatest common divisor of 2 and 226934?
2
Calculate the highest common divisor of 9540 and 81630.
90
Calculate the highest common factor of 5952 and 31416.
24
What is the highest common factor of 124583 and 96197?
1577
What is the greatest common factor of 1358 and 1164?
194
Calculate the greatest common divisor of 140372 and 76.
76
What is the highest common divisor of 11534 and 23506?
146
Calculate the greatest common divisor of 34 and 21518.
2
Calculate the greatest common divisor of 8916 and 12288.
12
What is the highest common divisor of 2506 and 133?
7
What is the highest common factor of 1171050 and 150?
150
Calculate the greatest common divisor of 6289 and 38.
19
Calculate the highest common factor of 6593 and 8379.
19
Calculate the highest common factor of 429 and 13143.
39
Calculate the highest common divisor of 3107667 and 111.
111
Calculate the greatest common divisor of 4399 and 2324.
83
Calculate the highest common factor of 16827 and 76964.
71
What is the greatest common factor of 257588 and 2698?
142
Calculate the greatest common divisor of 7059 and 9.
3
What is the greatest common divisor of 49644 and 28?
28
Calculate the highest common divisor of 451 and 3756379.
451
Calculate the highest common divisor of 596223 and 279.
279
Calculate the highest common factor of 6858 and 76708.
254
Calculate the highest common factor of 1580 and 397212.
316
What is the highest common factor of 318274 and 782?
782
What is the highest common factor of 261 and 23715?
9
Calculate the greatest common divisor of 7641 and 459.
27
What is the highest common divisor of 1432359 and 4509?
1503
What is the greatest common divisor of 161589 and 1525?
61
What is the greatest common divisor of 14499 and 4117?
179
Calculate the highest common divisor of 198 and 6248385.
99
What is the greatest common factor of 364 and 5369?
91
Calculate the highest common factor of 304 and 64256.
16
What is the greatest common factor of 39338 and 1207?
17
Calculate the highest common divisor of 5561 and 249.
83
What is the greatest common factor of 176 and 81136?
176
What is the highest common factor of 2867 and 8742?
47
What is the highest common factor of 338 and 28002?
26
Calculate the highest common factor of 853197 and 573.
573
What is the highest common factor of 1841 and 6049?
263
Calculate the highest common factor of 9 and 1859427.
9
What is the greatest common factor of 112 and 562?
2
What is the highest common divisor of 568 and 40?
8
What is the greatest common factor of 197684 and 1168?
292
Calculate the greatest common divisor of 15 and 98880.
15
What is the greatest common divisor of 11505 and 195?
195
What is the greatest common divisor of 6622 and 847?
77
What is the highest common divisor of 875 and 70?
35
Calculate the greatest common factor of 21558 and 12.
6
Calculate the greatest common factor of 3276 and 340236.
468
What is the greatest common factor of 1084 and 36314?
542
What is the greatest common factor of 6 and 401298?
6
What is the highest common divisor of 73469 and 11?
11
What is the greatest common divisor of 12311 and 520?
13
Calculate the highest common factor of 418639 and 39.
13
What is the greatest common factor of 7790 and 684?
38
What is the greatest common divisor of 5 and 1069?
1
Calculate the highest common factor of 3888 and 71784.
72
Calculate the greatest common divisor of 250 and 22850.
50
What is the greatest common divisor of 9493 and 693?
11
Calculate the highest common divisor of 723545 and 5.
5
What is the greatest common divisor of 1293 and 28877?
431
Calculate the highest common divisor of 90 and 2698330.
10
Calculate the greatest common divisor of 630960 and 33.
33
What is the greatest common factor of 54090 and 36?
18
Calculate the highest common factor of 6162 and 4602.
78
Calculate the highest common factor of 729 and 586.
1
What is the greatest common divisor of 16 and 490572?
4
What is the highest common divisor of 2541 and 17853?
33
What is the highest common factor of 25 and 143270?
5
Calculate the greatest common factor of 27275 and 15675.
25
Calculate the greatest common divisor of 8371 and 297.
11
Calculate the highest common factor of 3475 and 32500.
25
Calculate the highest common divisor of 204 and 248370.
102
Calculate the highest common factor of 1029 and 141.
3
Calculate the highest common divisor of 132 and 1683066.
66
What is the greatest common factor of 10150 and 2800?
350
What is the greatest common factor of 1104 and 1184?
16
Calculate the greatest common factor of 88507 and 134.
67
Calculate the greatest common divisor of 106286 and 38.
38
What is the greatest common divisor of 78 and 29679?
39
What is the greatest common divisor of 2548 and 82096?
28
What is the highest common divisor of 15 and 31435?
5
What is the highest common divisor of 260 and 78740?
20
Calculate the greatest common factor of 18 and 42543.
9
What is the highest common factor of 28 and 604898?
14
Calculate the greatest common divisor of 520 and 15640.
40
Calculate the greatest common factor of 32900 and 350150.
2350
What is the greatest common factor of 153 and 837?
9
Calculate the greatest common factor of 2061 and 423879.
687
Calculate the greatest common divisor of 2 and 2539.
1
What is the greatest common factor of 21581 and 133?
7
What is the greatest common factor of 854 and 64172?
122
What is the highest common factor of 239085 and 15?
15
What is the greatest common factor of 1516 and 145157?
379
Calculate the highest common divisor of 1417 and 2457.
13
Calculate the greatest common divisor of 30 and 4722.
6
Calculate the greatest common factor of 210 and 1834.
14
What is the highest common divisor of 49 and 7833?
7
Calculate the greatest common divisor of 10179 and 42471.
351
Calculate the greatest common divisor of 50 and 15475.
25
What is the highest common divisor of 78 and 72735?
39
What is the highest common factor of 807 and 6?
3
Calculate the highest common factor of 9964 and 42676.
188
Calculate the greatest common factor of 16643 and 397919.
1513
Calculate the greatest common factor of 657 and 36.
9
What is the greatest common factor of 676 and 9295?
169
Calculate the highest common factor of 704 and 635392.
64
What is the greatest common divisor of 123 and 32677?
41
What is the greatest common factor of 205812 and 954?
18
Calculate the highest common divisor of 60012 and 1980.
36
What is the greatest common factor of 5593 and 82229?
119
Calculate the greatest common factor of 544741 and 1807.
139
What is the highest common factor of 11778 and 546?
78
What is the highest common divisor of 285 and 101517?
57
What is the greatest common divisor of 40865 and 1045?
55
Calculate the greatest common factor of 711212 and 51.
17
Calculate the highest common factor of 147926 and 37.
37
What is the greatest common factor of 3990 and 91371?
399
What is the highest common factor of 753 and 68021?
251
Calculate the greatest common factor of 4140 and 16785.
45
Calculate the highest common divisor of 5388 and 14566458.
2694
What is the highest common divisor of 28 and 6118?
14
What is the greatest common factor of 824 and 152?
8
What is the greatest common divisor of 4836 and 1300?
52
What 